t + 2*f + 15 = 0, -t - 1 = -2*f - w. Let q(u) = 2*u**2 + 4*u - 2. Determine q(t).
4
Let y(r) = r**3 - 26*r**2 + 28*r - 14. Let d be 38/133 + (-6 - (-1290)/42). Give y(d).
61
Let x(t) = -13*t**3 - 18*t**2 - 68*t + 20. Let c(y) = 37*y**3 + 46*y**2 + 202*y - 59. Let h(z) = -6*c(z) - 17*x(z). What is h(28)?
14
Let x(d) = -3*d + 44. Let w be x(14). Suppose 66 = -9*v - w*v. Let s(u) = u + 10. Let o(z) = 1. Let h(k) = -4*o(k) + s(k). Calculate h(v).
0
Let u be (-10)/(-18) + -1 - (38 + 19396/(-468)). Let v(m) be the second derivative of 0*m**2 - m**u + 0 - 1/20*m**5 + 1/2*m**4 - 31*m. Determine v(4).
8
Let c(i) = -8*i + 40. Let p be c(5). Suppose w + 2 = p, 2*w + 30 - 1 = 5*d. Suppose 0 = j - 1 + 4, -15 = -2*m + d*j. Let v(a) = -a**3 - a + 1. Give v(m).
1
Let x(l) be the first derivative of -l**3/3 - l**2 - l - 1707. Let a = -4 - -5. Suppose 0 = -h - 3*h - 20, -2*w + h = a. Determine x(w).
-4
Let x(h) = 2*h - 1. Let v be (0 + -7)*(-90)/21. Suppose 23*k - 1064 = 86. Suppose k - v = 5*r. Calculate x(r).
7
Suppose 0 = -97*d - 5 + 5. Let u(p) = p + 12. Give u(d).
12
Let z(m) be the second derivative of -m**4/12 - 11*m**3/6 + 9*m**2/2 + 22*m + 12. Let n = -8 + -3. Calculate z(n).
9
Suppose 5 - 2 = 3*n. Suppose -3*y + 10 = m, -4*m - y = -16 - 2. Let a(x) = 54*x**3 + 58*x**3 + 3 - m + x - 103*x**3. Calculate a(n).
9
Let z(j) be the first derivative of 4*j**5/15 - j**4/24 - j**3/6 - 9*j**2 - j + 6. Let x(u) be the second derivative of z(u). Determine x(-1).
16
Let p(h) = 3*h + 8. Suppose -5*v - 4 = 4*t, -2*t - 8 = -4*v - 32. Let j(n) = -4*n - 12. Let o(g) = v*j(g) - 5*p(g). What is o(-8)?
0
Let i(g) be the second derivative of g**4/3 - g**3/2 + g**2/2 + 14*g. Let c(h) = -h + 3. Let a be c(9). Let k(x) = -x - 4. Let b be k(a). Give i(b).
11
Let m(l) = 128*l**3 - l**2 + l + 2. Let k = -29434 + 29433. Give m(k).
-128
Suppose -8*b = -4*b - 8. Let c(z) = z**2 + 0*z**2 + 7*z + b*z**2 - 4*z**2 + 17. Let p be c(9). Let f(v) = 15*v + 1. Give f(p).
-14
Let b(j) = -3*j. Suppose 3*a = d + 11, 0 = -2*d - 8*a + 3*a. Let k be (d/10)/(1/6)*-5. Suppose -90*f - k = -95*f. Calculate b(f).
-9
Let w(k) = -6 + k - 4*k**2 + 18 + 3*k - 21 - 41 + k**3. What is w(5)?
-5
Let j(n) be the first derivative of -n**3/3 - 3*n**2 - 4*n - 42352. Let l = 7 + -14. Calculate j(l).
-11
Let k(m) be the first derivative of m**6/360 - m**5/12 - 43*m**3 + 257. Let n(d) be the third derivative of k(d). Give n(9).
-9
Let j(w) = -8*w**3 - 27*w**2 - 10*w + 67. Let f(z) = -3*z**3 - 13*z**2 - 6*z + 32. Let p(o) = -5*f(o) + 2*j(o). Give p(11).
84
Let n = 1508 + -1501. Let u(x) = -x**3 + 6*x**2 + 11*x - 32. Determine u(n).
-4
Let s(n) be the third derivative of n**7/120 + n**6/180 + n**5/120 + 43*n**3/3 - 22*n**2 - 2*n. Let l(z) be the first derivative of s(z). What is l(-1)?
-6
Suppose -13 + 33 = 10*y. Let n(a) = 2*a**2 - 2*a**2 - y + a**2 + 1 + 0. Determine n(4).
15
Let q(m) = m**2 + 5*m + 152 + 13*m - 151 - 7*m + 9*m. Determine q(-17).
-50
Suppose 0 = 8*k - 7*k - 3*f + 684, -2*f - 3488 = 5*k. Let y = 694 + k. Let t(o) = 0*o**2 + 2 - o**3 + 0*o**2 + 2*o. Give t(y).
6
Let o be (68/(-8) - -8)*3*-16. Suppose -o*d = -65 - 55. Let u(b) = b**2 + 10. Let p(a) = a**2 - a + 9. Let q(i) = -6*p(i) + 5*u(i). What is q(d)?
1
Let k(s) = 4*s**2 + 5*s - 1. Let f = 109 - 106. Let d(y) = y**2 + 2*y. Let o(x) = f*d(x) - k(x). Suppose 2*u - v - 1 = -0*v, 4*u - 17 = -v. Determine o(u).
-5
Let a(l) = -l**3 - 8*l**2 - 7*l - 8. Let o = -45 + 47. Let p be 7*((o - 0 - 0) + -3). What is a(p)?
-8
Let h(b) = b - 50. Let g = -3861 + 3875. Determine h(g).
-36
Let a(w) = -11*w - 138. Suppose 15*j + 48*j - 497 = -1379. Calculate a(j).
16
Let w(i) = -i**3 - 16*i**2 - i - 18. Suppose 3*u = y - 53, 3*y + 7 = -u + 6. What is w(u)?
-2
Let j(y) = y**2 - 11*y + 32. Let l = 5073 + -5067. Determine j(l).
2
Suppose -2*f = 2*k - f - 1119, 0 = -3*f - 9. Let y = k + -559. Let p(t) = -t**3 - 3*t**2 + 4*t + 2. Determine p(y).
-10
Suppose -8 = n - 3*q, 50*q - 49*q = -n. Let c(h) = h**3 - h + 6. What is c(n)?
0
Suppose 0 = -4*s - 2*s + 60. Let n(c) = -22758 + 2*c + 11378 + 11385 - 4*c. What is n(s)?
-15
Let p(f) = -f**2 - 5*f - 3. Let j be p(-4). Let b be 5/(10/17)*8/4. Let k(u) = b + 14*u - 17. What is k(j)?
14
Let t be 11/(297/(-6))*(-99)/11. Suppose 3*b + 0*b - 21 = 0. Let f(l) = -l + t + 3 - b. What is f(2)?
-4
Let u(h) be the third derivative of -19*h**4/24 - 5*h**3/3 + 3151*h**2. Give u(-1).
9
Let w(c) = -c**3 - c**2 - 74. Let b be (-1848)/(-1540) - (-12)/(-10). What is w(b)?
-74
Let c(n) = -8*n + 177. Let z(u) = 17*u - 316. Let w(l) = 5*c(l) + 2*z(l). What is w(42)?
1
Let w(c) = -c**3 - 7*c**2 + 12*c + 28. Let y be 176/(-24) - ((-15)/(-18))/(50/40). Calculate w(y).
-4
Let u(t) = t + 3. Let d(z) = 5*z + 15. Let q(c) = -2*d(c) + 11*u(c). Let v be q(2). Suppose 14*m - v*m = 18. Let a(g) = 3*g. Determine a(m).
6
Let a be ((-4)/12)/((-2)/(-42)). Let u(d) = d**2 + 9*d + 10. Let p be u(a). Let w(v) be the third derivative of -v**5/60 - v**4/6 + v**3/2 + 5*v**2. Give w(p).
3
Let k(v) = 4*v**3 - 11*v**2 - 3*v + 2. Let r be k(3). Let w(t) = -2*t**2 + 0*t**2 + 7 + r*t**2 - 10 + 6*t - t**2. What is w(2)?
5
Let l(b) = 8*b**2 - 11*b + 1. Let q be l(2). Let m be q/(44/(-20)) + (1 - -1). Let f(i) = i**3 + 2*i**2 + 5*i + 3. Calculate f(m).
-21
Let t(r) = -2*r - 21. Let p(i) = 293*i + 1732. Let d be p(-6). Give t(d).
31
Let j(z) = 2*z - 7. Let a be j(6). Let l(k) = 7 - 3 + 6 - 2178*k + 2174*k. Calculate l(a).
-10
Let g(v) = 3879*v + 3 + 3882*v - 11626*v + 3889*v. Determine g(3).
75
Let d(u) = u**2 - 4*u - 6. Suppose 2*i - 2*x = 3*x, -25 = -3*i - 5*x. Let y = -777 - -807. Suppose -i*j + 2*f = 6*f - y, 5*j - 30 = 3*f. Give d(j).
6
Let p(g) = g - 165. Let t(r) = -80. Let d(w) = -3*p(w) + 7*t(w). Give d(-22).
1
Let c(l) = 4*l**3 - 3*l + 3. Suppose -5*g + 5*d - 45 = 0, -4*d = -209*g + 210*g - 26. Determine c(g).
-23
Suppose -6*b - 132 = -18*b. Let x(w) = w**3 - 12*w**2 + 17*w - 60. Calculate x(b).
6
Let s(q) = -4 + 3*q**2 - 5*q**2 - q**2 + 5*q. Suppose -2*k = -r + 5, 58*r - 60*r + k + 7 = 0. Determine s(r).
-16
Let k(p) = p**2 - 8*p + 6. Suppose 2*v - 8 = -4*x + 10, 24 = 3*x + 5*v. Suppose 13*d = x*d + 180. Let c be (d/4 + -2)*24/15. Determine k(c).
-10
Let l = 60 - 57. Let j(c) = -2 + 6 - 3 + 2 + 2*c. Let h(p) = -p - 1. Let b(m) = l*h(m) + j(m). Give b(2).
-2
Let v(i) be the first derivative of -i**5/60 - 11*i**4/24 + 11*i**3/6 - 115*i**2 - 151. Let p(n) be the second derivative of v(n). What is p(-12)?
-1
Let y(q) = -q**2 + 14*q + 57. Let z be 5*(1620/(-75))/(-6). Determine y(z).
-15
Let v(g) = -g**3 + 16*g**2 + 58*g - 23. Let u be v(19). Let p(t) = 5*t - 5. Give p(u).
-25
Let z(v) be the second derivative of -3*v**3/2 + 21*v**2 - 2*v - 7. Let g be z(4). Let m(j) = 2*j - 5. Give m(g).
7
Suppose 0 = -j + 140 - 138. Suppose j = 2*a - 4*a. Let u(n) = n**3 + 1. Let h(l) = -7*l**3 - l - 3. Let s(p) = a*h(p) - 3*u(p). Determine s(-1).
-5
Let z be 5/(-5)*((1 - 0) + 10*-2). Let n(d) = d**2 - 15*d - 66. Give n(z).
10
Let o(b) = 7*b**2 + 3*b - 3. Let p(g) = -10*g**2 - 5*g + 5. Let a(j) = -8*o(j) - 5*p(j). Suppose y = 30 - 27. Suppose -h + 4*h = y. What is a(h)?
-6
Let s(u) = u**3 + 4*u**2 + 7*u + 17. Suppose -52 = d - 12*c, -8*c + 9*c + 4 = -2*d. What is s(d)?
-11
Let y(c) be the first derivative of c**4/4 - 5*c**3/3 - 2*c**2 - 8*c + 359. Let o(w) = w**3 - 8*w**2 + 7*w + 6. Let p be o(7). Give y(p).
4
Let z(g) = g**3 + 4*g + 4. Suppose 4*j = 5*i + 12, -4*j + 3 = -3*j - i. Suppose -j = 11*l - 8*l + v, 5*l + 19 = 3*v. Determine z(l).
-12
Suppose 0 = -5*z + 6 - 1. Let c(q) = -8*q - 2 - z + 7 + 7*q. Calculate c(6).
-2
Suppose 4 = 3*d - 14. Let l be (-2)/d + (-24)/9. Let s(y) = -2*y**2 - 4*y. What is s(l)?
-6
Let u(f) = f**2 - 5*f + 6. Let x(p) = 9*p + 61. Let r be x(-8). Let s(y) = 4*y + 44. Let c be s(r). Suppose g + 2*g = 15, -o + 3*g - 11 = c. What is u(o)?
2
Let p(n) be the first derivative of -2*n**2 + n + 10018. Let l = 3 - 1. What is p(l)?
-7
Let y(q) = q + 2. Suppose 243*h = 248*h - 15. Let t(n) = 4*n - 3. Let i(l) = h*t(l) + 5*y(l). Calculate i(2).
35
Let r(k) = -11*k - 208. Let g be r(-19). Let t(p) = 12*p**3 + 6*p**2 - p - 5. Let j(f) = f**3 + f**2 - 1. Let b(z) = 5*j(z) - t(z). Give b(g).
-7
Let v(z) = -z**3 + 5*z**2 + 2*z + 8. Suppose 20*y - 924 = -184. Suppose 35*n